
2, 34259
Suppose 2*q + 3*n - 9 = 28, -2*n = q - 18. Suppose h - 46 = -b + 312, -q = -4*b. Let z = -105 + h. What are the prime factors of z?
2, 31
Suppose -22875*v = -22908*v - 38930 + 656690. List the prime factors of v.
2, 3, 5, 13
Let m(x) = 2*x - 22. Let t be m(11). Let g(i) = i. Let d(j) = -j - 29. Let l(n) = -d(n) + 3*g(n). What are the prime factors of l(t)?
29
Suppose 3*m - 1165 + 1177 = 0. List the prime factors of m/(-1) - (-351 - -1).
2, 3, 59
Suppose 0 = -4*i - 2*m + 692, -3*i + 6*m = 4*m - 512. Let f = -163 + i. What are the prime factors of f?
3
Let k be (8/(-6))/((-14)/21). List the prime factors of (1127/(-138) + k/(-6))*-62.
17, 31
Suppose -23*d - 7642448 = -129*d - 844774. What are the prime factors of d?
13, 4933
Let k be 536/(-6) + (-16)/24. Let q = 116 + k. Suppose 3*p = -2*s + q, 5*s + p - 6*p = 65. List the prime factors of s.
13
Suppose -m = -x + 403, -3*x = 3*m + 168 - 1389. What are the prime factors of x?
3, 5
Let u = -1023 + 5688. List the prime factors of u.
3, 5, 311
Suppose -u = -4*u + m - 5, -3*m = 4*u + 11. What are the prime factors of 16544/(-264)*1/(u/3)?
2, 47
Suppose -229 - 21 = -5*w. Suppose 51*j - w*j - 4 = 0. What are the prime factors of j?
2
Suppose 102*s - 144 = 93*s. Let f(g) = g**3 - 11*g**2 - 33*g + 8. What are the prime factors of f(s)?
2, 5, 19
Let w(t) = -446*t - 4485. List the prime factors of w(-50).
5, 7, 509
Suppose 3*d - 2*z - 27811 = 0, -3*d + 27791 = 152*z - 150*z. List the prime factors of d.
3, 3089
Let g(s) = -18*s + 45. Let o be g(-5). Let t = 3 + 2. List the prime factors of o + (t + -3 + 2)/2.
137
Let s(d) = 209*d**2 - 3*d + 4. List the prime factors of s(-4).
2, 3, 5, 7
Suppose 38*w - 19*w = 684. Suppose 0 = 2*f + 2*h + 16, 4*f + 5*h + 48 = 12. List the prime factors of w/(-8)*f/(-6) - -75.
2, 3
Suppose 5*u + 10 = 4*q, 5*q - 5*u = 11 - 1. Suppose q*s + 331 = s. Suppose -s = 7*n - 1255. List the prime factors of n.
2, 3, 11
Let j = 109 + -109. Let r be (-1 + j)*-8*4/(-16). List the prime factors of (-384)/r - (1 - 2).
193
Suppose -186431 - 178015 = -54*l. List the prime factors of l.
17, 397
Let p(l) be the second derivative of 22*l**3/3 + 7*l**2/2 + 24*l. Let i be p(5). Let f = i + -111. What are the prime factors of f?
2, 29
Let o = 70 + -72. What are the prime factors of o/1 - (-2 + 4/(-2))?
2
Let v(l) = -3323*l - 5248. What are the prime factors of v(-19)?
13, 61, 73
List the prime factors of (-144)/(-180)*(8607 - 2).
2, 1721
Let j(u) = -u**2 - 32*u - 33. Let a(t) = -t**2 - 13*t - 10. Let d be a(-14). What are the prime factors of j(d)?
3, 53
Suppose -c + 2305 + 1237 = 0. Suppose 60*j + c = 71*j. List the prime factors of j.
2, 7, 23
Suppose -s - 4*p + 11282 = 0, -2*s + 21341 = -2*p - 1293. List the prime factors of s.
2, 3, 5, 13, 29
Let a = 15446 - -28706. List the prime factors of a.
2, 5519
What are the prime factors of 45915/33 + (-9)/(99/4)?
13, 107
Suppose 8*b - 62748 = -10*b. Suppose -18*h + b = -12*h. What are the prime factors of h?
7, 83
Let z = 15208 + -15062. List the prime factors of z.
2, 73
Let u(o) be the second derivative of o**5/20 - o**4/4 - o**3/3 - o**2 - 15*o. Let f be u(4). Suppose -f*w = -85 + 19. What are the prime factors of w?
11
Let z(p) = -p**3 + 21*p**2 - 23*p + 63. Let d be z(20). Suppose 0 = -2*f - 3*f - 2*h + 6393, -5*f - d*h + 6397 = 0. What are the prime factors of f?
1277
What are the prime factors of (-14)/(-6)*(10868 - 92)?
2, 7, 449
Let j(m) be the second derivative of 21*m + 21/2*m**2 - 11/6*m**3 + 0. List the prime factors of j(-6).
3, 29
Suppose -3*b + 8968 = 4*r, -37*r + 38*r + 14939 = 5*b. What are the prime factors of b?
2, 3, 83
Let x = -241 - -245. Suppose -3*f + 445 = r, -1705 = -x*r - 9*f + 12*f. What are the prime factors of r?
2, 5, 43
Suppose 0 = -57*x + 299*x - 11277200. List the prime factors of x.
2, 5, 233
What are the prime factors of (-136)/6*35/(1260/(-7506))?
2, 17, 139
Suppose 9*i + 0*t - 2*t - 523103 = 0, -3*t + 232498 = 4*i. What are the prime factors of i?
13, 17, 263
Suppose -5*r - 5*v + 316 = -154, -r = 5*v - 98. Let u = 258 + -55. Suppose 8*m - r = u. List the prime factors of m.
37
Let t(y) = 811*y**2 - 701*y + 10. List the prime factors of t(5).
2, 5, 839
Let m(h) = h**2 + 2*h + 2. Let f(z) = z**2 - 23*z - 41. Let w(k) = -f(k) + 4*m(k). What are the prime factors of w(-19)?
3, 181
Suppose -6*d + 112963 = -38813. What are the prime factors of d?
2, 3, 17, 31
Let f(b) = 5*b + 108. Let x be f(-24). List the prime factors of x/(-18) + (-1000)/(-3).
2, 167
Let h(n) = n**2 - 5*n + 4. Let o = -25 - -23. Let k(w) = 2*w**3 + w**2 - 4*w - 3. Let y be k(o). What are the prime factors of h(y)?
2, 11
Let o(m) be the second derivative of -m**4/12 + 11*m**3/6 + 13*m**2/2 + m + 39. List the prime factors of o(5).
43
Suppose -4*g - o - 2 = 0, -2*g - 3*g - 10 = 5*o. Suppose 0 = 2*r + 5*t - 789, -5*r - t + 2030 = -g*t. List the prime factors of r.
11, 37
Let u = -30 - -41. Let t(b) = 2*b + 11. Let m be t(u). Suppose 3*x - 99 = -m. List the prime factors of x.
2, 11
Let s be 6660/4 - 7 - -2. Let o = -901 + s. What are the prime factors of o?
3, 11, 23
Let v(n) be the first derivative of 5*n**3/6 - 12*n + 5. Let t(a) be the first derivative of v(a). List the prime factors of t(9).
3, 5
Suppose 0 = 5*m - 4*p - 3470, 8*m - p = 9*m - 685. Suppose -4*r + y = -m, -80*y = -2*r - 83*y + 352. What are the prime factors of r?
173
Suppose -11*j - 2*m + 365716 = -7*j, -5*j + 4*m = -457197. What are the prime factors of j?
91433
Let z(c) = 424*c + 2566. Let v be z(-6). Let t be 1/(-1 + 2) - -326. Suppose -v*f = -19*f - t. List the prime factors of f.
109
Suppose 4*i = z + 38832, -z = -i - 4*z + 9721. What are the prime factors of i?
7, 19, 73
Let o(h) = h**2 - 18*h - 25. Let c be o(20). Let b(v) = 35 - 16 + v**2 - c*v + 9. List the prime factors of b(16).
2, 11
Let z = -150 + 156. Suppose z*f - 1134 = 648. List the prime factors of f.
3, 11
Suppose 0 = 8*f - 0*f. Suppose 4*v - 3*n - 280 = 0, -v + f*n + 2*n = -65. What are the prime factors of (0 - 2 - -5) + v?
2, 19
Suppose 52*n = 50*n. Suppose n = -3*y + 2*m + 2*m + 255, -2*y + 170 = 5*m. Let v = y - 5. List the prime factors of v.
2, 5
Suppose 30*t - 44 = 19*t. What are the prime factors of (27/(-126)*t)/((-2)/1162)?
2, 3, 83
Let o = 486 - -1005. What are the prime factors of o?
3, 7, 71
List the prime factors of -6130*(3 - (465/105 - 6/14)).
2, 5, 613
Suppose 35 = 22*l - 9. Suppose -l*h + 637 - 55 = 0. What are the prime factors of h?
3, 97
Suppose -5*z + 4*a + 26 - 8 = 0, 3*a = -4*z + 2. Suppose z*d + 5*u - 1886 = 0, d - 1304 = -5*u - 361. What are the prime factors of d?
23, 41
Let w be ((-6)/(-18))/(2/(-6)). Let r(y) = -15*y - 16. Let b(i) = i**2 - i - 1. Let j(l) = w*r(l) - b(l). List the prime factors of j(15).
2
Suppose r - 3*y = 52706, -55 = -5*y - 40. List the prime factors of r.
5, 13, 811
Let x(q) = -q**2 - 20*q + 51. Let n be x(-22). Let g be -10*((-1)/n)/((-20)/(-70)). Suppose -g*m + 371 = -179. What are the prime factors of m?
2, 5, 11
Suppose 83*l - 79*l - 8 = 0. Suppose 0 = -5*a - 3*c + 21, -5*a - 3*c + 33 = -4*c. What are the prime factors of 137/l + (-3)/a?
2, 17
Let s be (39/26)/((-3)/(-328)*2). Suppose -s*l + 801 = -73*l. List the prime factors of l.
89
Suppose 37*x + v + 80297 = 41*x, -4*v - 4 = 0. List the prime factors of x.
2, 10037
Let k be 44724830/46 + 34/391. List the prime factors of k/610 - (-2)/20.
2, 797
What are the prime factors of 38122/3*108/72?
7, 389
Suppose -4*j - 65 = -5*l - 0*j, -2*j + 44 = 2*l. Suppose -l*x + 34298 - 10855 = 0. List the prime factors of x.
7, 197
Suppose 0 = -3*x + x + 2*b + 10, 0 = 2*x - 4*b - 14. Let a = -7 + 9. Suppose -132 = -a*z - 3*r, 5*z - x*z - r = 148. What are the prime factors of z?
2, 3
Let m be (-3)/(-6)*-85*2. Let d(h) = -h**3 + 7*h**2 + h - 37. Let c be d(3). List the prime factors of 1 + -3 - 1*m*c.
2, 3, 7
Let v be -12 - (5 - -58)/(-9). List the prime factors of v/2 - 31117/(-74).
2, 11, 19
Let o(w) be the second derivative of -w**5/4 - w**4/4 - w**3/2 - 17*w**2/2 + 5*w + 13. What are the prime factors of o(-3)?
2, 5
Let d be (-9 - -5)/((-1)/(-2)). Let t(x) be the third derivative of -x**4/12 + 7*x**3/6 + x**2. List the prime factors of t(d).
23
Let n(t) be the first derivative of 57*t**2/2 - 41*t + 34. Let v